).
23
What is -23 + -599 + 614 + (-9 - -1 - 0)?
-16
-10 + 18 - (5 + -6 + -1)
10
13 + (8 - (-17 + 14)) + 2
26
Evaluate (-3 - 0) + 10 + -2 + -1 + -2.
2
What is the value of -9 + -2 + 8 - (-5 + 10) - 3?
-11
Evaluate 16 + -4 - (1 - 11) - 10.
12
Evaluate 95 + -108 - (-20 - 0).
7
Evaluate 20 + -24 + 17 + -9 + 1 + -24.
-19
Evaluate -7 + 2 + (184 - 196).
-17
-4 - -15 - 8 - (3 - (6 + -4))
2
What is the value of -9 + (-15 + 10 - -28)?
14
What is the value of -1 + 11 - (0 + 20 - (1 - -15))?
6
What is the value of (-25 - -35) + (7 - 7)?
10
What is 1 + 3 + 1 + (-42 - -45) - 18?
-10
What is the value of 3 - -10 - (11 - 0 - (22 - 16))?
8
What is -12 + 10 - (7 - 1)?
-8
Calculate 18 - -2 - (-39 - -30) - 10.
19
Evaluate 2 + 10 + (-1 - (-7 - -11)).
7
Calculate -5 + 6 - (-4 + 2) - 15 - -4.
-8
What is 47 + -34 + (-3 - (6 + 12))?
-8
Calculate 8 + -6 + (0 - -3) - 8.
-3
What is the value of -18 + 1 - (0 + 5 + -14 - -2)?
-10
Evaluate 20 + -39 - -12 - (14 + -2).
-19
(128 - 113) + -22 + -1
-8
Calculate 2 + -30 - -19 - 18.
-27
Calculate 19 - (14 + -5) - 14.
-4
Evaluate 6 - (-1679 + 1672 - (-10 - (-1 - -1))).
3
-2 + 39 + (-22 - -4)
19
Calculate (9 - (-5 - (-7 + 2))) + -22.
-13
What is the value of (10 - (15 + -7)) + (1 - -1)?
4
What is (4 - (-2 - 4)) + -10 - 10?
-10
Evaluate -5 + 3 + (606 - 618).
-14
Evaluate -6 + 6 + -82 + 96.
14
1 - (4 - (-11 - -7)) - 2
-9
Evaluate 6 - (-6 - ((-2 - -9) + -11)).
8
What is the value of 1 + 0 - (-4 + (13 - -4))?
-12
What is (9 - 12 - -3) + 0 + -4?
-4
24 + -26 + (9 - -1) + -18 + 9
-1
1 + (-6 - 6) + 26
15
Evaluate 7 - (3 - (-5 - (6 + -2 - 1))).
-4
Calculate 1 - 13 - (9 - (0 - (2 - 10))).
-13
1 - -5 - (0 + -12)
18
Calculate (2 - 0 - 10) + (-33 - (-50 + -1)).
10
-9 - ((-35 - (5 + 7 - 1)) + 4)
33
What is the value of -10 - -11 - (11 - 4)?
-6
(-6 - -6) + 0 + (-3 + 5 - 12)
-10
Calculate 23 - (19 + -2 + 40).
-34
Calculate -6 + 14 + (13 - 8) + -6.
7
What is the value of (10 - -15) + -12 + -16?
-3
-2 + (1 - 1) + 10 - (502 - 512)
18
Calculate 23 + (2 - 2) - (-14 - -48 - 39).
28
What is the value of -12 + 42 + (-3 - 2) + -5?
20
What is the value of 1 - -9 - (-1 - -1 - (2 - 3))?
9
What is the value of -1 + -7 + (251 - 236)?
7
Evaluate 20 - ((-20 - 1) + 57).
-16
What is (6 + (2 - -4 - -5) - 6) + 4?
15
What is 21 + 3 - (-15 + 27 - 14)?
26
What is -4 + 8 - ((-2 - 2) + 15) - 0?
-7
Calculate 7 - (7 - (-2 + 34 + -11)).
21
Calculate (11 - -6 - 9) + 1 + 2.
11
(-15 - 10 - -14) + 5 + -12
-18
What is the value of 12 + (-7 - -14 - -8) + -15?
12
-278 + 282 - (-8 + 0)
12
What is 0 + 5 + (153 - 162)?
-4
What is the value of 8 - (-21 - -32 - (-7 + 31))?
21
What is the value of -8 - -6 - (-4 + 11 - 43 - -8)?
26
What is (91 - 97) + -2 + -1 + -8 + 12?
-5
Evaluate (-25 - (-5 + -23 - -1)) + (-6 - 0).
-4
Calculate (3 - 7) + (1 - 13).
-16
Evaluate -18 + 24 - (-9 + 9).
6
What is the value of -5 - (1 + -3 - (-47 + 34))?
-16
What is the value of (1 - (-2 + 0)) + (-29 - -3) + 26?
3
Calculate -3 - -2 - 6 - (-10 + 2 - -8).
-7
Evaluate -4 + 14 + -22 + (4 - 1).
-9
(-31 + -2 - -12) + (24 - 12)
-9
Calculate (-18 - -2) + (22 - 9).
-3
What is (-134 - -147) + -29 + -1 + 42?
25
Calculate (-207 - -203) + (15 - 1).
10
Evaluate 16 - ((-15 + 8 - -23) + -8).
8
Calculate 1 - 18 - (-7 + 0 - (89 + -105)).
-26
Evaluate 1 - 2 - (10 - 19) - 1.
7
Evaluate 20 + -95 + 26 - -31.
-18
What is the value of -5 + 12 + (-15 - -13) + (-8 - -1)?
-2
What is the value of 2528 + -2549 - (-16 - (2 - 0))?
-3
Evaluate 2 - (-3 + 14 + 0).
-9
Calculate -42 + 1 + 13 + 15.
-13
0 - 3 - (52 + -58) - -2 - 2
3
Calculate 41 + -15 + -14 + -2 + 6.
16
(-9 + 5 - (-60 - -50)) + -42
-36
What is the value of 1 + -6 - ((-4 - -20) + -25)?
4
Calculate (2 - 17 - -11) + (-19 + -6 - -4).
-25
Calculate (11 - (-7 - 2)) + -15.
5
What is -104 - -109 - (-3 + 4)?
4
Calculate (1 - 1) + 12 + (-38 - -39).
13
1 - (6 + -2 + -3 - 1)
1
Calculate (-5 - 10 - -12) + 7 + -2 + 2.
4
Evaluate 2 - 0 - (9 - ((8 - -14) + -3)).
12
Calculate -11 - ((55 - 47) + 4 + -4 + 1).
-20
-4 + 1 + (567 - 559) + 6 + -1
10
Evaluate (-1 - (-5 + -1 - -2)) + (4 - 17).
-10
Calculate (11 - 1 - 22) + 5 + (23 - -2).
18
Evaluate 2 - -14 - -1 - (2 - (-15 + 14)).
14
What is the value of -15 + -52 + 18 - -29?
-20
Calculate 5 + 9 + (3 - (5 + 16)).
-4
Calculate 5 + (2 - -8 - 10 - -12) + 7.
24
What is -6 - (-5 + 0 + -1 - (-15 + 11))?
-4
Evaluate 17 + -28 + (-4 - (-4 + 2)).
-13
What is 19 + 18 + 2 + -28 + 12?
23
Calculate -1 + 40 - (187 + -162).
14
What is (-13 - 12) + (0 - -11)?
-14
Evaluate 4 - 15 - (11 + -8).
-14
What is the value of 11 + 4 + 2 + 0 + -7 + -7?
3
15 + -13 - (-16 - (-17 + 7))
8
What is the value of 1 - (-22 - (9 + -26)) - (0 - 0)?
6
Evaluate -666 + 656 + (-5 - 0).
-15
What is the value of 143 + -148 + (1 - (-11 + 0)) + -16?
-9
Evaluate 15 + -24 + 9 + 13 + -25.
-12
Evaluate (-10 - 2) + 2 + -1 + -3.
-14
9 - 21 - 0 - (1 + -25)
12
Evaluate (6 - -12) + -12 - (-3 - 2).
11
0 + -1 - (5 + -11 + 2)
3
What is 4 + (-9 - (8 + 3 - 5))?
-11
Evaluate 1 - -7 - ((1 + -19 - -32) + -7).
1
Calculate (0 - (1 - 0 - 3)) + -1211 + 1218.
9
(-1 - 11) + (-23 - -60) + -25
0
-14 + (-15 - -20) + 10 + 4
5
What is the value of 6 - (-3 + -8 + 16) - (5 - -3)?
-7
What is the value of (14 - (-8 + 9)) + -15?
-2
Calculate -3 + 3 - (-11 + 16).
-5
What is (14 - (13 - 5) - (-1 - 2)) + -2?
7
Calculate -32 + 31 - (-2 + 6).
-5
479 + -454 + -30 + 0
-5
Evaluate (-16 - (-14 - -13)) + (-5 - -4).
-16
What is the value of 7 - ((-5 + 21 - (-1 - 5)) + -2)?
-13
Calculate 5 + (-5 - (-16 + 8) - -2) + 3.
13
Calculate 13 + -3 + 5 + 3.
18
What is the value of -12 + 7 + -13 + (-2 - -23)?
3
Evaluate (29 - (17 - 11)) + (-3 - -3).
23
Calculate 1 - (-94 + 127 - (7 + 1)) - 0.
-24
What is the value of -17 + (2 - -11) + (-8 - -3)?
-9
Evaluate -5 + (-24 + 19 - 1).
-11
Calculate 0 + -16 + 14 + 9 - 8.
-1
What is 10 + 15 + (-15 - 3)?
7
What is (24 - 7) + -8 + -2 - 8 - 4?
-5
Evaluate -17 - -15 - ((1 - 3) + 1 - 2).
1
(-2 + 13 + 3 - 5) + -9 + -24
-24
Calculate -12 - (-15 + 4 + 9 + -2).
-8
Evaluate -9 + (-23 - 1) + (16 - (-15 + 30)).
-32
What is (-521 - -510) + 13 + 1?
3
(-264 - -282) + -17 + 0 + -31
-30
What is the value of 8 - 1 - (366 - 343)?
-16
-23 - -14 - (-21 + 18)
-6
Calculate -12 - (-58 + 33 + -8).
21
Evaluate 10 + (5 - (-9 - (-20 - -2))).
6
(-6 - -3) + 26 + -27 - (-7 + -1)
4
Calculate 17 + 9 + (-10 - 7) + -5.
4
What is -38 + 21 + -14 + 13?
-18
Evaluate 19 + -13 - 18 - 11 - -4.
-19
Calculate -10 + (-4 - (13 - 3)).
-24
What is the value of (-4 - -11) + 6 + 7?
20
-207 + 205 + -7 + 0 + 23
14
55 + -33 - (14 + -14)
22
Calculate 3 - (-367 + 371 + 0 + (3 - 0)).
-4
Evaluate (34 - 40) + (2 - 1 - 0) + 2.
-3
What is the value of -35 - (-42 - -9) - (11 + 2 - -1)?
-16
10 + (6 + -13 + 10 - -15)
28
Calculate (-40 - -57) + 6 + 3 + 1 + -1.
26
Calculate -127 + 138 + (-4 - -2 - -11).
20
Calculate (-7 - -13 - 1 - 34 - -8) + 2.
-19
What is 19 + (-56 - 26) - -43?
-20
0 + 1 - (-24 + 30)
-5
Calculate -2 - 31 - (-36 + 9).
-6
What is -5 + (-9 - (12 + -5 + 2 + -5))?
-18
What is 270 + -276 + -3 + 3 + 12?
6
Calculate 2 + (-5 - 2) + (-1 - -5).
-1
Evaluate (1 - 29 - -1) + -13 + -53 + 72.
-21
Evaluate (6 + -11 - (-29 + 16)) + -5 + -3.
0
Calculate 13 + -5 + -7 + 13.
14
(12 - (13 + -4)) + -23 + 1
-19
Calculate (-16 - 0) + -2 + 8 + -1 + 2.
-9
What is the value of -1 + (4 - 0 - -1) - 7?
-3
Evaluate 3 - (4 + (-8 - -11)) - (1 - 1).
-4
Calculate 12 - 18 - 5 - 0.
-11
What is 6 + 6 + 2 + 1 + -9 + 6?
12
1 + -8 - (-11 + 9)
-5
4 + 6 - 0 - (30 + -37)
17
Evaluate (1 - -6) + (27 - 0) + 143 + -152.
25
Evaluate 0 + 1 + 6 + -1.
6
What is the value of (-4 - (12 - 5 - 6)) + 4?
-1
Evaluate (4 - (17 + 20)) + -5 + 1.
-37
What is the value of -33 + 17 + 36 + -17?
3
Evaluate 0 + (-37 - -48) + (1 - 14).
-2
Evaluate 6 - 6 - (7 + 1 + (-29 - -31)).
-10
1 + 1 + 4 - 4 - (3 - -3)
-4
Evaluate -9 + (6 + -8 + 9 - 5).
-7
What is (4 - (3 + 3)) + (7 - 6)?
-1
Calculate 0 - (-4 + 5 - 1) - -12.
12
What is the value of 0 - -1 - (12 + (9 - 18) - -2)?
-4
-21 - (-11 - 20 - -12)
-2
-19 + (-22 - -71) - -1
31
Evaluate (44 + -46 - (-7 - -1)) + 4.
8
-1053 + 1049 - (1 + 8)
-13
Calculate -34 + -3 + 31 - (0 + -15).
9
Evaluate 4 + -12 + 4 + (1 - 3) + 18.
12
(-9 - 17) + 9 - (-2 + -7 + 3)
-11
What is the value of 2 + (23 + -22 - 8)?
-5
(-4 - -7) + -11 + (12 - 23)
-19
Calculate 9 + -12 + -7 + (0 - -7).
-3
Evaluate 6 - (1 -